is 2 (base 12) in base 5?
2
What is 2 (base 5) in base 3?
2
-11 (base 13) to base 9
-15
Convert 4 (base 15) to base 2.
100
104 (base 7) to base 5
203
Convert 0 (base 12) to base 7.
0
What is -1 (base 4) in base 9?
-1
What is -11 (base 3) in base 5?
-4
What is 1110 (base 4) in base 10?
84
What is -177 (base 8) in base 11?
-106
What is 22 (base 6) in base 4?
32
Convert 2 (base 16) to base 2.
10
Convert 12 (base 10) to base 13.
c
What is 230 (base 7) in base 14?
87
What is -11 (base 10) in base 5?
-21
What is 74 (base 9) in base 6?
151
What is -15 (base 8) in base 4?
-31
Convert -1 (base 11) to base 3.
-1
Convert -78 (base 14) to base 3.
-10221
-9 (base 13) to base 10
-9
Convert 17 (base 8) to base 5.
30
What is 15 (base 11) in base 3?
121
0 (base 8) to base 16
0
What is c (base 15) in base 6?
20
-31 (base 8) to base 14
-1b
Convert 2 (base 8) to base 14.
2
11101011 (base 2) to base 3
22201
Convert -3 (base 7) to base 8.
-3
-12 (base 4) to base 12
-6
Convert -2 (base 15) to base 13.
-2
Convert 1 (base 4) to base 15.
1
Convert 0 (base 3) to base 11.
0
Convert 2 (base 16) to base 15.
2
301 (base 7) to base 6
404
5 (base 16) to base 8
5
Convert -5 (base 14) to base 2.
-101
Convert -33 (base 10) to base 14.
-25
-7 (base 9) to base 16
-7
2a1 (base 11) to base 14
1b3
Convert 2b (base 12) to base 9.
38
Convert 86 (base 9) to base 8.
116
What is 17 (base 12) in base 6?
31
-345 (base 6) to base 3
-12002
What is 10 (base 4) in base 7?
4
25 (base 9) to base 2
10111
-6 (base 12) to base 7
-6
What is 8 (base 9) in base 16?
8
-10 (base 11) to base 2
-1011
What is 10 (base 3) in base 14?
3
What is -12 (base 8) in base 11?
-a
Convert 3 (base 15) to base 11.
3
10011 (base 2) to base 5
34
What is 5 (base 12) in base 16?
5
Convert -9 (base 10) to base 8.
-11
Convert 24 (base 8) to base 5.
40
Convert -1 (base 12) to base 13.
-1
Convert -6 (base 16) to base 8.
-6
What is -107 (base 9) in base 13?
-6a
Convert -171 (base 9) to base 12.
-101
What is 11 (base 14) in base 11?
14
What is -1 (base 6) in base 15?
-1
What is 3 (base 15) in base 4?
3
-a (base 12) to base 7
-13
41 (base 12) to base 3
1211
-10111110 (base 2) to base 11
-163
8 (base 9) to base 4
20
16 (base 11) to base 16
11
Convert -101 (base 2) to base 7.
-5
What is 11 (base 2) in base 6?
3
-21 (base 10) to base 5
-41
What is -11 (base 3) in base 16?
-4
Convert a (base 16) to base 8.
12
What is 100 (base 7) in base 13?
3a
What is -39 (base 10) in base 11?
-36
-17 (base 10) to base 12
-15
Convert -1 (base 14) to base 3.
-1
ac (base 13) to base 4
2032
-1111101 (base 2) to base 15
-85
4 (base 16) to base 13
4
What is -4 (base 5) in base 2?
-100
What is 120 (base 7) in base 11?
58
-110 (base 6) to base 14
-30
What is 25 (base 10) in base 11?
23
Convert -3 (base 10) to base 15.
-3
What is -12020 (base 3) in base 12?
-b9
What is 1 (base 6) in base 5?
1
-10001 (base 2) to base 8
-21
-2 (base 14) to base 9
-2
-9 (base 12) to base 16
-9
-10 (base 2) to base 8
-2
Convert -1 (base 11) to base 9.
-1
Convert ab (base 12) to base 11.
10a
19 (base 12) to base 11
1a
What is -13b (base 13) in base 6?
-1003
Convert 34 (base 10) to base 15.
24
Convert 101000110 (base 2) to base 3.
110002
1000 (base 3) to base 6
43
Convert 4 (base 11) to base 13.
4
What is -165 (base 7) in base 3?
-10120
What is 312 (base 5) in base 14?
5c
Convert 20 (base 8) to base 5.
31
56 (base 12) to base 4
1002
-144 (base 5) to base 10
-49
What is 12000 (base 3) in base 12?
b3
What is -6 (base 12) in base 10?
-6
-12 (base 16) to base 6
-30
12a (base 13) to base 9
247
3 (base 8) to base 2
11
What is -5 (base 10) in base 8?
-5
-2 (base 13) to base 11
-2
-566 (base 7) to base 16
-125
2 (base 16) to base 10
2
Convert -137 (base 16) to base 9.
-375
What is 2 (base 15) in base 10?
2
What is -302 (base 6) in base 10?
-110
110 (base 6) to base 16
2a
Convert 125 (base 8) to base 9.
104
Convert 4 (base 15) to base 12.
4
What is -3 (base 5) in base 9?
-3
Convert 2 (base 15) to base 7.
2
Convert 11 (base 3) to base 16.
4
Convert -15 (base 11) to base 15.
-11
-10 (base 2) to base 8
-2
What is -1011100 (base 2) in base 15?
-62
What is 12 (base 11) in base 10?
13
What is -11 (base 10) in base 15?
-b
5 (base 7) to base 13
5
-65 (base 10) to base 3
-2102
What is 56 (base 8) in base 5?
141
What is -104 (base 9) in base 15?
-5a
What is -12 (base 10) in base 7?
-15
111001 (base 3) to base 14
1b2
Convert -3 (base 11) to base 3.
-10
What is -14 (base 7) in base 12?
-b
What is -22 (base 8) in base 2?
-10010
145 (base 11) to base 7
332
28 (base 10) to base 2
11100
What is 3 (base 10) in base 11?
3
135 (base 7) to base 10
75
-26 (base 7) to base 4
-110
6 (base 11) to base 4
12
-2 (base 5) to base 12
-2
1001010 (base 2) to base 12
62
-41 (base 7) to base 4
-131
What is -19 (base 11) in base 8?
-24
-130 (base 5) to base 3
-1111
What is -2 (base 8) in base 14?
-2
Convert -7 (base 10) to base 7.
-10
Convert -5 (base 8) to base 5.
-10
What is 13 (base 12) in base 2?
1111
Convert -2 (base 13) to base 6.
-2
-21 (base 11) to base 6
-35
2 (base 15) to base 3
2
Convert 88 (base 15) to base 9.
152
-1 (base 3) to base 6
-1
Convert -14 (base 16) to base 8.
-24
What is -1 (base 12) in base 14?
-1
What is 10 (base 6) in base 7?
6
-63 (base 7) to base 16
-2d
73 (base 16) to base 15
7a
What is 47 (base 11) in base 14?
39
-14 (base 7) to base 10
-11
Convert -25 (base 15) to base 2.
-100011
Convert 3 (base 16) to base 10.
3
Convert 8 (base 13) to base 5.
13
-1140 (base 5) to base 14
-c2
Convert -101 (base 2) to base 7.
-5
What is -9 (base 15) in base 11?
-9
Convert -123 (base 7) to base 6.
-150
-220 (base 4) to base 8
-50
Convert 10012 (base 3) to base 9.
105
138 (base 13) to base 4
3120
What is 1203 (base 4) in base 11?
90
0 (base 8) to base 5
0
What is 254 (base 7) in base 5?
1022
Convert -7 (base 10) to base 9.
-7
Convert 116 (base 16) to base 6.
1142
Convert 0 (base 5) to base 8.
0
What is -3 (base 4) in base 10?
-3
1110 (base 2) to base 11
13
-5 (base 12) to base 8
-5
What is -10 (base 6) in base 9?
-6
Convert -3 (base 12) to base 11.
-3
What is -12212 (base 3) in base 8?
-236
Convert 2 (base 4) to base 14.
2
1012 (base 3) to base 15
22
Convert -387 (base 9) to base 16.
-142
Convert -358 (base 9) to base 3.
-101222
Convert 0 (base 8) to base 12.
0
Convert 10 (base 3) to base 8.
3
3 (base 16) to base 10
3
What is -31 (base 10) in base 7?
-43
Convert -101 (base 2) to base 7.
-5
-4 (base 10) to base 9
-4
Convert -17 (base 8) to base 2.
-1111
1204 (base 6) to base 2
100100100
What is -d (base 16) in base 5?
-23
What is 31 (base 6) in base 5?
34
Convert 76 (base 11) to base 3.
10002
Convert 1 (base 11) to base 16.
1
What is 34 (base 9) in base 14?
23
Convert 168 (base 9) to base 12.
bb
7 (base 14) to base 11
7
What is 52 (base 12) in base 13?
4a
Convert 18 (base 12) to base 11.
19
What is 3 (base 4) in base 3?
10
What is -15 (base 7) in base 15?
-c
-4 (base 6) to base 8
-4
Convert 112 (base 10) to base 16.
70
What is 3 (base 14) in base 10?
3
12 (base 3) to base 9
5
1 (base 13) to base 2
1
Convert 3 (base 11) to base 10.
3
Convert -1 (base 2) to base 8.
-1
1 (base 5) to base 4
1
2 (base 11) to base 12
2
What is -61 (base 12) in base 15?
-4d
1 (base 9) to base 14
1
Convert 2 (base 13) to base 4.
2
Convert -102 (base 7) to base 12.
-43
Convert -55 (base 11) to base 9.
-66
Convert -21 (base 11) to base 6.
-35
Convert 2313 (base 5) to base 2.
101001101
1b (base 14) to base 16
19
What is -a (base 11) in base 7?
-13
-122 (base 3) to base 11
-16
What is -4 (base 15) in base 4?
-10
Convert -21 (base 14) to base 10.
-29
-210 (base 12) to base 3
-102010
Convert 7 (base 13) to base 10.
7
Convert -1 (base 11) to base 10.
-1
-9 (base 15) to base 2
-1001
What is 4 (base 9) in base 5?
4
203 (base 6) to base 16
4b
Convert 21 (base 4) to base 16.
9
-33 (base 7) to base 14
-1a
Convert -274 (base 11) to base 7.
-641
Convert 75 (base 8) to base 3.
2021
What is -22010 (base 3) in base 11?
-18a
Convert 10 (base 2) to base 5.
2
1 (base 4) to base 9
1
-1010 (base 2) to base 7
-13
What is -25 (base 8) in base 12?
-19
-3 (base 4) to base 12
-3
10 (base 11) to base 10
11
What is 2b (base 16) in base 2?
101011
What is 2 (base 8) in base 6?
2
Convert 1321 (base 4) to base 8.
171
Convert -46 (base 10) to base 11.
-42
What is -